y**2 + y + 5. Let q be l(a). What is the greatest common factor of q and 1?
1
Suppose -4*m - g = -7 - 20, 0 = -4*m + 4*g + 52. What is the greatest common divisor of 24 and m?
8
Suppose -3*d + 2*d = -7. Let v = -4 - -11. Let n(m) = 2*m - 7. Let r be n(v). What is the highest common factor of d and r?
7
Suppose 3*d - 8*d = 2*i - 33, -2*d = -6. What is the greatest common divisor of 9 and i?
9
Suppose 0 = -0*h - h - 3*f + 52, 5*h - 204 = -f. Let c(l) = l**3 - 9*l**2 + 9*l - 3. Let q be c(8). What is the greatest common factor of q and h?
5
Let i(d) = -d**2 - 18*d - 32. Let k be i(-13). What is the highest common divisor of 11 and k?
11
Let w(l) = l**3 + 10*l**2 - l. Let k be w(-10). Calculate the greatest common divisor of k and 5.
5
Suppose 24 = 3*k - 24. Suppose -3*t = a - 5 - 12, 4*t = a + 11. Suppose 2*h - k = v, -a*v - 10 = -5*h + 2*h. What is the greatest common divisor of 15 and h?
5
Let d(a) = -5*a - 4. Let k be d(-4). Calculate the greatest common factor of 24 and k.
8
Let s(b) = b**3 - 7*b**2 + 2*b + 10. Let p be s(8). Suppose -2*k + 3*j + 52 = -8, 0 = 2*k - j - 68. Calculate the greatest common factor of p and k.
18
Let a(w) = 2*w + 4 - 2 - 6. Let u be a(3). Suppose 2*s = 6*s - 16. Calculate the greatest common divisor of u and s.
2
Let i = 1 + -6. Let h(b) = -17*b + 3. Let k be h(i). Calculate the greatest common factor of k and 8.
8
Suppose 14 = 2*i - 0*i. Calculate the highest common divisor of i and 49.
7
Let h be -8 + 14 + 1*-1. Calculate the highest common divisor of h and 2.
1
Let i = 11 + -1. Suppose i*v = 8*v + 32. Calculate the greatest common factor of v and 112.
16
Let f(c) = 16*c - 4. Let m be f(4). Suppose -x + 2*x = m. Calculate the highest common divisor of 15 and x.
15
Let c = -13 - -38. Let o be 870/c - (-1)/5. Calculate the greatest common factor of 14 and o.
7
Suppose 2*j - 61 = -0*k - k, 0 = -5*k + 5. Calculate the greatest common factor of 180 and j.
30
Suppose 74 = 4*l - 402. Suppose 0 = -u + 5, m = 4*m + 3*u - 30. Suppose m*h - 5*g - 98 = -23, -5*h + 87 = g. Calculate the highest common factor of l and h.
17
Let g = 18 - 5. What is the greatest common factor of g and 26?
13
Let t(o) = 6*o**2 - 2*o. Let x be t(3). What is the highest common divisor of 16 and x?
16
Let n(k) = 11*k**2 - 2*k + 1. Let v be n(1). Let c be -5*8/(-100) - 796/(-10). Calculate the greatest common divisor of c and v.
10
Let g(v) = v**3 + 6*v**2 - 9*v + 4. Let r(j) = -6*j**2 + j. Let w be r(-1). Let n be g(w). Let u = 1 - -26. Calculate the highest common factor of n and u.
9
Suppose 7*y + 49 = 140. Calculate the highest common divisor of 26 and y.
13
Suppose x - 36 = 2*c - 0*c, -5*c = x - 36. Suppose -2*t = 5*i - x, 0 = -5*i - t - 4*t + 30. Let o = 43 - -45. Calculate the highest common divisor of o and i.
8
Let l be (-2)/8 - (-452)/16. What is the greatest common divisor of 14 and l?
14
Suppose r + 504 = 4*r. Calculate the greatest common factor of r and 21.
21
Let s = -19 - -21. What is the highest common divisor of 12 and s?
2
Let u be (2 - 5)/((-2)/8). Calculate the highest common factor of u and 18.
6
Let v(n) = n**3 - 4*n**2 + 4. Let o be v(4). Let m(w) = w**3 - 3*w**2 - 2*w - 2. Let f be m(o). Calculate the greatest common factor of 24 and f.
6
Let j be (30/(-24))/(99/100 - 1). What is the greatest common divisor of 25 and j?
25
Let b be (-1)/6*2*-36. Calculate the highest common factor of b and 132.
12
Let v = -26 + 28. Suppose -u + 3*d - d = -12, 0 = 3*u + 4*d - 6. What is the highest common factor of v and u?
2
Let h be 2/(-4) - 171/(-6). What is the highest common factor of 21 and h?
7
Suppose 0 = 3*s - 4*s + 3. Suppose s*i - 4 = 14. Calculate the highest common factor of i and 30.
6
Let m(t) = t**3 - 4*t**2 + 3*t. Let j be m(2). Let x be -1*(-3)/2*j. Let v be 8 + (1 + -1)/x. Calculate the greatest common divisor of 72 and v.
8
Suppose -3*d + 153 = -2*r - 379, -5*r = 3*d - 518. Suppose -6*f - 55 + 151 = 0. Calculate the greatest common factor of d and f.
16
Let i be 84/22 - (-14)/77. Let z be (-334)/(-6) - i/(-12). Calculate the highest common factor of z and 8.
8
Let c be 1806/15 - (-8)/(-20). Calculate the greatest common divisor of 15 and c.
15
Let q(n) = -33*n - 3. Let b be q(-2). Calculate the highest common factor of 21 and b.
21
Suppose 0 = 2*i - d - 56, 5*i + 0*d = 5*d + 150. Calculate the greatest common divisor of i and 130.
26
Let i be (-1 - -27)*(-3 - -4). Suppose -3*s + 176 = i. What is the highest common divisor of s and 10?
10
Suppose v - 5*t + 11 = 0, 5*v = -0*t + t - 7. Let o = 2 - v. Let m = -28 - -52. What is the highest common divisor of o and m?
3
Suppose -5*u = -8 - 32. Let i = u + 8. What is the highest common factor of 16 and i?
16
Let t(u) = -2*u**2 - 1 - 2 - 4*u - u**3 - u**2. Let d be t(-3). Suppose 0 = 2*h + 30 - 84. Calculate the highest common divisor of h and d.
9
Suppose 0*u + 4*o + 52 = 2*u, 2*u - 2*o = 52. What is the greatest common factor of u and 39?
13
Let u(d) = 2*d**2 + 6*d. Let h be u(-4). Calculate the highest common factor of h and 20.
4
Let g be 8 + 1 + -1 + 0. Let u(m) = -m + 16. Let a be u(0). What is the greatest common factor of a and g?
8
Let d(f) = 3*f + 2. Let b be d(3). Suppose -2*i - 13 = -3*s, -3*s - 3*i = -s - 13. Let k be s + -3 + (73 - -2). Calculate the highest common divisor of k and b.
11
Let a be (-2 - 1/2)*-6. Suppose 0 = 2*h + 4*u - 40, u + 4*u = 3*h - 5. Suppose h = 2*k - 0. What is the highest common divisor of a and k?
5
Let b = -11 - -36. Suppose 0*a - 3*a = -225. Calculate the highest common divisor of a and b.
25
Let d be 100/3 - (-1)/(-3). Let a be -5*(-2 + (-36)/15). Calculate the highest common divisor of d and a.
11
Let x(f) = 84*f**2 - f - 1. Let o be x(-1). Let d = -3 - -15. What is the greatest common factor of o and d?
12
Let g(b) = -b**2 - 6*b + 33. Let n be g(-9). Let h = -8 + 14. What is the greatest common factor of h and n?
6
Suppose 0 = a - 29 - 12. Let c be 1 - 1 - -1*2. Let u be a - (0/c + -1). Calculate the highest common divisor of u and 28.
14
Suppose 3*h - 40 = 2*h. What is the highest common factor of 8 and h?
8
Let g(x) = 4*x**3 - x**2 - 2*x - 2. Let k be g(2). What is the greatest common divisor of 55 and k?
11
Let b be (-27)/18*(-3 + -1). Let g(c) = c - 2*c - 6*c**2 + c**3 + 6 + 2*c. Let p be g(b). What is the highest common divisor of p and 132?
12
Let t(v) = -v + 9. Let a be t(5). Suppose o - 48 = -a*o - 2*s, 5*s = o - 15. What is the greatest common factor of o and 15?
5
Let d = 15 - 5. Let b = d - 5. Let a be (-39)/(-4) - (-1)/4. Calculate the greatest common factor of b and a.
5
Suppose 3*k + g = -0*g + 10, -4*k + 3*g = -9. Let j be (3 - 8/12)*k. What is the greatest common divisor of j and 63?
7
Suppose 0 = 4*o - 2*p + 32, 5*p - 15 = 5*o + 25. Suppose -20 = -3*w - 2*w. Let m be w/5*(-20)/o. Calculate the greatest common factor of m and 18.
2
Let v be (-1 - (-17)/(-3))*-6. Calculate the highest common divisor of 20 and v.
20
Suppose -3*k + 3*s = -62 - 49, 145 = 4*k - 5*s. What is the highest common factor of k and 100?
20
Suppose 3*q = -2*l + 28, -l = 3*l - 20. What is the greatest common divisor of 54 and q?
6
Let i(h) = 2*h**2 - 6*h. Let q be i(8). Suppose -92 = -2*z - 2*c, -5*z - q + 328 = -4*c. What is the greatest common factor of z and 120?
24
Suppose 5 + 7 = 3*c. Suppose -73 = -c*y - 5*d, -d - d + 10 = 0. Calculate the greatest common factor of 4 and y.
4
Let g(t) = -33*t + 1. Let u(s) = -s. Let w(f) = -g(f) - 4*u(f). Let d be w(1). What is the greatest common factor of d and 24?
12
Suppose 0 = -6*n + 8*n - 396. Calculate the greatest common divisor of n and 22.
22
Suppose 0 = -17*d + 12*d + 560. Suppose 80 = 4*b + b. Calculate the highest common divisor of b and d.
16
Let j = 17 - -37. What is the greatest common factor of 27 and j?
27
Suppose 3 = -s - 6*h + h, 0 = -2*s + 3*h + 7. What is the greatest common factor of s and 2?
2
Suppose 2*k - 501 = -5*i, 4*i - 1210 = -6*k + k. What is the greatest common factor of 34 and k?
34
Suppose 2*h + 13 = -11. Let i(n) = 10*n**3 + n**2 - 1. Let x be i(1). Let g be (32/x)/(h/(-90)). Calculate the highest common factor of g and 12.
12
Let l = -89 + 137. Suppose 0 = 3*x + 3*b + l, -3*b = -b + 4. Let i = 2 - x. What is the highest common divisor of 48 and i?
16
Let u be -4 + (6 - 5)